+ 2204. What is the units digit of u?
9
Suppose -4*z - 49 = 3*z. Let v(y) = -11*y - 6. What is the tens digit of v(z)?
7
Let u be 8*(7/4 + -1). Suppose -u*k + 1420 = 484. What is the hundreds digit of k?
1
Suppose 0 = -4*a + 120 - 28. Let z = a - -12. What is the tens digit of z?
3
Let u = 1671 + 798. What is the units digit of u?
9
Let s = -1484 + 2147. What is the hundreds digit of s?
6
Let i(y) = y. Let m(d) = -2*d - 7. Let o(j) = i(j) + m(j). Let k be o(-11). Suppose 80 = k*r + r. What is the units digit of r?
6
Let j be ((-12)/10)/((-3)/(-10)). Suppose 4*c = -0*c + 36. Let t = j + c. What is the units digit of t?
5
Suppose 13*g - 3256 - 774 = 0. Let f = g + -168. What is the tens digit of f?
4
Suppose 5*x - 4*w = -429, -4*x - 147 - 221 = 3*w. Let m = x - -56. Let k = 50 + m. What is the units digit of k?
7
Suppose 0 = 11*p - 14*p + 2*k + 18277, -18274 = -3*p + 5*k. What is the thousands digit of p?
6
Suppose -5*u - 2470 = -h - 0*u, -4*u - 2475 = -h. What is the units digit of h?
5
Suppose 8*a = 12921 + 11127. What is the hundreds digit of a?
0
What is the tens digit of -9 + 1925 + -3 + -1?
1
Let d(s) = -s**3 - s**2 + 4*s**2 + 2*s**3. Let c be d(-3). Let q(g) = g**3 + g**2 - g + 22. What is the tens digit of q(c)?
2
Let t(f) = 12*f**2 - 5*f - 4. What is the hundreds digit of t(-5)?
3
Let a(p) = 2*p**2 - 3*p - 11. Let g be a(-2). Suppose -j + g*f = -183, -5*f - 60 = -4*j + 672. What is the tens digit of j?
8
Let z = 794 + -434. Suppose 3*h - z = -5*f + 88, h = 3*f + 154. What is the units digit of h?
1
Let v(n) = -4*n - 14. Let u(t) = -8*t - 28. Let j(q) = 4*u(q) - 9*v(q). Let b be j(14). Let y = -15 + b. What is the tens digit of y?
5
Suppose -3 + 51 = -3*p. Let j be 4/p*-4*10. Suppose -7 - j = -t. What is the tens digit of t?
1
Let q(p) be the first derivative of -13*p**2/2 - 21*p - 6. What is the tens digit of q(-14)?
6
Suppose 0 = -h + 4*h + 15. Let v be 1*-11 - (2 - 3). Let s = h - v. What is the units digit of s?
5
Let n = -35 + -4. Let t = 30 - -28. Let h = n + t. What is the units digit of h?
9
Suppose -s - 214 = p, -428 = 2*s - 6*p + 2*p. What is the units digit of 2 + s/(-3) + 4/6?
4
Suppose -103 = 3*y + d, -3*y - d - 109 = -3*d. What is the units digit of (-4)/(-20) - 2653/y?
6
What is the units digit of (5 + (-634)/(-10))/(4/20)?
2
Let v be 6/8 - (-9)/(-12). Suppose 8*o - 6*o - 12 = v. Suppose -o*h + 13 = -41. What is the units digit of h?
9
Suppose -3*f = f - 12. Suppose 5*w = -0*a - f*a, -a = -4*w - 17. Suppose 4*q - a*v = 184, -4*v - 15 - 1 = 0. What is the tens digit of q?
4
Let i = -1221 - -2165. What is the units digit of i?
4
Suppose -3*c = -0*c + 15. Let v = c + 53. What is the tens digit of v?
4
Let r(x) = -x**3 + 12*x - 2. What is the tens digit of r(-5)?
6
Suppose 8*x - 3504 = 6*x. What is the tens digit of (-10)/35 - x/(-7)?
5
Let v(q) = q**2 + 5*q + 9. Let l be v(-7). Let a(b) = 3*b + 9. Let x be a(-6). Let o = l + x. What is the tens digit of o?
1
What is the tens digit of (-522)/(-10) + 11/((-330)/6)?
5
Let l = -792 - -1658. What is the units digit of l?
6
Let l(d) be the third derivative of -5/12*d**4 - 8*d**2 - 2/3*d**3 + 0 + 0*d. What is the tens digit of l(-6)?
5
Suppose -39*u = -41*u + 332. What is the tens digit of u?
6
Let r = -172 + 284. Let f = -9 + r. What is the hundreds digit of f?
1
What is the units digit of 3/(-5) - (1128/(-5) + -8)?
3
Suppose -4*l = -5*v - 441, 7*l - 4*l = 3*v + 330. Suppose j = -l + 20. Let m = 143 + j. What is the tens digit of m?
5
Suppose 4*p = 16 + 8. Suppose p*s = 8*s - 214. What is the tens digit of s?
0
Suppose -4*z + 3*t + 30 = 0, 3*z = -0*t - 2*t + 31. Let o = 9 - z. Let v = 58 - o. What is the units digit of v?
8
Let l = 543 - -855. What is the thousands digit of l?
1
Let t(c) = -c**2 + 9*c - 5. Suppose -4 + 0 = -2*u. Suppose -16 = -u*p - 2*p. What is the units digit of t(p)?
5
Suppose 2*u - 1146 = 158. What is the tens digit of u?
5
Suppose 0 = 2*n + j, 0 = -n + 4*n + 2*j. Suppose 0 = -4*q + 4*b + 116, n*q + 2*q - 55 = -b. Suppose -2 - q = -5*a. What is the units digit of a?
6
Let i(h) = -h**3 + 6*h**2 - 4*h - 3. Let l be i(5). Let m(p) = -p + 16. Let t be m(11). What is the tens digit of (l/2)/(t/115)?
2
Let i(s) = -s**3 - 2*s**2 - 2*s - 4. Let d be i(-2). Suppose 0 = 5*u - d*q - 5*q - 440, u = -4*q + 88. What is the units digit of u?
8
Let t(j) = -20*j**3 + 19*j**2 - 22*j + 107. Let m(r) = -7*r**3 + 6*r**2 - 7*r + 36. Let b(a) = -17*m(a) + 6*t(a). What is the tens digit of b(9)?
5
Let b = -1 - -14. Suppose 3*y - 4*j - 17 = 0, -y - 4*j - 2 = -b. Let r = 1 + y. What is the units digit of r?
8
Suppose -5*g + 1690 = -5310. Suppose 0 = -7*p + 49 + g. What is the hundreds digit of p?
2
Let s be 777/6 - 2/4*-1. Let j = -66 + s. What is the tens digit of j?
6
Suppose -5*r - 4*d + 20 + 44 = 0, -2*r + 12 = 5*d. Suppose 0 = z + 3*n + 2*n + 2, -z + 2*n = r. What is the tens digit of 56/6 + z/(-18)?
1
Suppose -5*y + 2*y = 0. Let i be (-16)/(-28) + 258/14. Let s = i + y. What is the units digit of s?
9
Suppose -1072 = -6*n + 2*n. Let p = n + -170. What is the units digit of p?
8
Let p(f) = 3*f**2 - 13*f + 2. Let h = -4 + 11. What is the units digit of p(h)?
8
Suppose 26*x - 23925 = -3*x. What is the tens digit of x?
2
Let f = 163 - -517. What is the units digit of f?
0
Suppose -2*q + 2*m + 0*m + 2112 = 0, -4*m - 5280 = -5*q. Suppose 409*t - 412*t = -q. What is the hundreds digit of t?
3
Let y(t) = t**2 - 2*t. Let q be y(-3). Suppose 2*g + 3*o - q + 5 = 0, -2*g + 3*o - 2 = 0. What is the units digit of g?
2
Suppose -6 - 9 = -5*l. Suppose -l*r - q + 4 = -6*q, -3*r = -4*q - 5. Suppose 0 = r*o - 11 - 25. What is the units digit of o?
2
Suppose 2*z + 3*k + 9 = 0, 0 = 5*z - 5*k + 9 - 49. Suppose -303 = -3*x - z*g, -3*g - 473 = -6*x + x. What is the tens digit of x?
9
What is the units digit of -2*(-3197 + 9 + -18)?
2
Let k = -777 + 1110. Let s = -100 + k. What is the hundreds digit of s?
2
Let g = 28 + 144. Let l be (5/2)/(2/4). Suppose -l*p = -g - 48. What is the units digit of p?
4
What is the hundreds digit of (8/(-6))/((-2)/(-3501)*-3)?
7
Suppose 5*d - 4*d + 187 = 3*j, 5*j - 4*d - 314 = 0. Suppose -3*v + 2*v + j = 0. What is the tens digit of v?
6
Let b = 36 - 19. What is the units digit of b - (5*-4)/(-5)?
3
Let d = -9 + 0. Let v(b) = -b**2 - 6*b + 2. Let u be v(d). Let t = 0 - u. What is the tens digit of t?
2
Let w be 8/(-60) + (-3124)/(-30). Let n = -18 + w. What is the units digit of n?
6
Let m(i) = 7*i**3 + i**2 + 4*i - 4. Suppose -12 = 4*x - 10*x. What is the units digit of m(x)?
4
Suppose -4*d + 2*q = -3390, -2*d - q + 843 = -d. Suppose 8*b - d = 2*b. What is the tens digit of b?
4
Let g(n) = -n**3 + 2*n**2 - 3*n + 421. What is the units digit of g(0)?
1
Let b(w) = w**3 - 16*w**2 - 15*w - 38. Let x be b(17). What is the units digit of 2175/10 - 2/x?
8
Suppose -3*s = 5*n - 5181, -s - 3*n = -1408 - 323. What is the tens digit of s?
2
Suppose -4*z = -3*z + 12. Let k = z + 66. Let g = k - 27. What is the units digit of g?
7
Suppose 7*r - r = -648. Let d = 38 - r. What is the tens digit of d?
4
Let c be (13 - 13) + 5*-1. Let y(d) = -d**3 - 5*d**2 - 8*d - 6. Let x be y(c). What is the units digit of (-119)/x*68/(-7)?
4
Suppose -2*f + 60 = 16. Suppose 0 = h + h - f. What is the units digit of h?
1
Let u = 61 + -48. Suppose -12*b - 120 = -u*b. What is the tens digit of b?
2
Suppose -65 = -5*v - 5*l, -5*v + 72 = -5*l + 3*l. Let n(m) = 8*m + 47. What is the units digit of n(v)?
9
Let a be (-6 - -2)*3/2. Let f(w) = -w - 1. Let p be f(a). Suppose -p*k + 6*k - 36 = 0. What is the units digit of k?
6
Suppose -467 = 7*m - 6942. What is the hundreds digit of m?
9
Let k(j) = -j**2 + 14*j + 32. Suppose 0 = 5*q - 2*c - 64, -4*c + 54 = -q + 4*q. What is the tens digit of k(q)?
3
Let q(o) = 1 - 6 + 17*o - 1 - 4. Let p be q(5). Suppose -p = -3*m + 42. What is the tens digit of m?
3
Suppose -4*n + 24600 = 26*n. What is the units digit of n?
0
Suppose 62*x = 75*x - 46371. What is the thousands digit of x?
3
Suppose 10*j = 13*j. Let p be j + 3 - (-53 - 0). Suppose d + p = 3*d. What is the tens digit of d?
2
Let b(p) = -p**3 - 4*p**2 + 17*p - 4. What is the units digit of b(-8)?
6
Suppose a + 3*g - 4*g - 7 = 0, -4*a = 2*g - 16. Let s = -264 + 279. Suppose 5*m - a*h = s, -2*m - 3*h + 7 = -4. What 